*b**2 - 6*b + 6. Determine i(1).
8
Let k(b) = -b**2 + b. What is k(-7)?
-56
Let x(k) = -k**3 + 15*k**2 - 40*k + 24. Give x(12).
-24
Let p(l) = -l**3 - 22*l**2 - 82*l + 5. Give p(-5).
-10
Let l(w) = -w**2 - 17*w - 73. Calculate l(-12).
-13
Let o(q) = -q**2 - 17*q - 10. Calculate o(-16).
6
Let s(w) = -w**3 + 11*w**2 - 23*w - 10. Calculate s(8).
-2
Let f(a) = a**3 - 5*a**2 + 2*a - 1. Calculate f(6).
47
Let q(s) = -s - 22. What is q(11)?
-33
Let p(a) = a**3 - 10*a**2 - 22*a - 28. Give p(12).
-4
Let w(v) = v**2 + 6*v - 21. Determine w(0).
-21
Let h(a) = -a**3 - 10*a**2 - 6*a + 18. What is h(-9)?
-9
Let n(k) = 5*k**2 + 2*k + 1. Calculate n(1).
8
Let m(g) = g**2 + 10*g - 19. Determine m(-10).
-19
Let m(v) = -v**3 + 32*v**2 + 2*v - 67. Give m(32).
-3
Let i(t) = 19*t**2 + 4*t + 5. What is i(-1)?
20
Let f(q) = -q**2 + 11*q + 20. Calculate f(14).
-22
Let h(i) = 24*i + 28. Determine h(-2).
-20
Let v(j) = -j - 7. What is v(-7)?
0
Let f(m) = -m**2 + 14*m - 26. Give f(13).
-13
Let t(d) = d**3 - d**2 - 6*d - 8. Give t(0).
-8
Let a(v) = -36*v + 674. Determine a(19).
-10
Let x(p) = -4*p + 26. Calculate x(5).
6
Let b(u) = 2*u**2 - 2*u - 4. Give b(3).
8
Let h(z) = -2*z - 6. Calculate h(-5).
4
Let g(i) = i**3 - 3*i**2 - 8*i + 8. Determine g(6).
68
Let y(v) = -3*v**3 - 4*v**2 - 4*v. Give y(-1).
3
Let h(s) = -s**3 - 7*s**2 + 23*s + 111. Give h(-8).
-9
Let j(w) = -2*w**3 - 10*w**2 + 4*w + 2. What is j(-5)?
-18
Let d(u) = 33*u + 74. Determine d(-5).
-91
Let q(o) = o**3 - 4*o**2 - 2. What is q(4)?
-2
Let p(i) = 73*i**3 - 2*i - 1. Determine p(-1).
-72
Let d(y) = 2*y**3 - 2*y**2 - y - 5. What is d(3)?
28
Let i(f) = 5*f + 31. Give i(-6).
1
Let p(b) = b**3 - 5*b**2 + 3*b - 2. Calculate p(5).
13
Let f(u) = -4*u - 24. Determine f(-7).
4
Let w(b) = b - 15. What is w(8)?
-7
Let f(q) = q**3 - 8*q**2 - 9*q + 19. Calculate f(9).
19
Let u(k) = -11*k - 4. What is u(1)?
-15
Let z(x) = -2*x**3 + x**2 - x. Determine z(-1).
4
Let s(y) = y**2 - 17*y - 143. Determine s(23).
-5
Let w(u) = 2*u + 16. Give w(-9).
-2
Let n(j) = j**3 - 22*j**2 + 18*j + 4. Calculate n(21).
-59
Let r(l) = l**2 - 17*l + 17. Give r(16).
1
Let w(j) = -j**3 - 7*j**2 - 4*j - 8. What is w(-6)?
-20
Let q(t) = -18*t + 89. What is q(5)?
-1
Let a(w) = -w**2 + 4. Calculate a(3).
-5
Let i(x) = -x**3 + 13*x**2 + x + 14. What is i(13)?
27
Let l(q) = -q + 20. What is l(23)?
-3
Let h(b) = -2*b**2 - 11*b - 11. What is h(-5)?
-6
Let f(c) = -6*c**3 - 3*c**2 + c + 2. Determine f(2).
-56
Let y(x) = x**3 + 14*x**2 + 17*x + 27. Calculate y(-13).
-25
Let o(n) = -n**3 - n**2 + 6*n - 3. Calculate o(-4).
21
Let d(s) = s**3 + 4*s**2 - 8*s + 25. Determine d(-6).
1
Let g(a) = a**3 + 6*a**2 + 3*a - 1. Give g(-4).
19
Let x(n) = -n**3 - 7*n**2 + 5*n + 2. Give x(-8).
26
Let f(v) = -28*v + 16. Calculate f(2).
-40
Let m(w) = -w**3 - 6*w**2 + 19*w + 8. Calculate m(-8).
-16
Let v(b) = 54*b + 52. What is v(-1)?
-2
Let n(b) = b**3 - 7*b**2 + 4*b - 10. Calculate n(7).
18
Let y(q) = -q**3 + 7*q**2 - 6*q + 2. Determine y(6).
2
Let j(b) = -2*b**3 + 2*b**2 - 4*b + 2. Give j(1).
-2
Let d(f) = -15*f - 92. Give d(-7).
13
Let f(l) = 13*l - 86. Give f(6).
-8
Let t(f) = -4*f + 2. Determine t(-5).
22
Let d(a) = a**3 - 11*a**2 + 21*a - 20. Determine d(9).
7
Let l(p) = -2*p**2 - 25*p - 34. Give l(-12).
-22
Let p(c) = c**2 + 9*c + 9. Determine p(-6).
-9
Let m(n) = -n**3 - 8*n**2 + 9*n - 10. Determine m(-9).
-10
Let v(j) = j**2 + 11*j - 3. Calculate v(-7).
-31
Let u(k) = 9*k - 274. Determine u(30).
-4
Let s(t) = -t**2 - 14*t + 200. Give s(-23).
-7
Let k(b) = b**3 + 2*b**2 - 34*b. Calculate k(-7).
-7
Let z(l) = l**3 - 11*l**2 + l - 12. What is z(11)?
-1
Let v(y) = -y**3 + 12*y**2 + 13*y + 17. Calculate v(13).
17
Let v(m) = 2*m**3 - 14*m**2 + 6*m + 25. Determine v(7).
67
Let i(r) = -r**2 + 16*r. Give i(16).
0
Let o(q) = -q**2 - 14*q + 1. Determine o(-14).
1
Let c(k) = -k**3 + 7*k**2 - 9*k - 2. Give c(5).
3
Let n(f) = -3*f**2 - 4*f + 1. Give n(-2).
-3
Let t(l) = -10*l - 284. What is t(-33)?
46
Let t(i) = 2*i**2 + 39*i - 22. Determine t(-20).
-2
Let o(l) = l**3 + 6*l**2 + 21*l + 62. Give o(-4).
10
Let h(f) = -f - 6. Give h(18).
-24
Let k(n) = n**3 + 8*n**2 + 2*n + 89. What is k(-9)?
-10
Let b(r) = -17*r + 61. Determine b(4).
-7
Let b(x) = -x**3 + 11*x**2 - 16*x - 14. What is b(9)?
4
Let v(x) = 10*x**2 + 2*x. What is v(-1)?
8
Let m(x) = -x + 22. Determine m(-12).
34
Let h(b) = b**3 - 13*b**2 + 22*b + 1. Give h(11).
1
Let v(j) = -2*j**2 + 23*j + 72. Calculate v(14).
2
Let f(c) = 29*c - 16. Calculate f(3).
71
Let z(l) = -l - 6. Determine z(3).
-9
Let j(q) = -2*q**2 + 4*q + 37. Calculate j(5).
7
Let g(r) = -r**2 + 10. Determine g(3).
1
Let w(y) = 6*y - 13. Determine w(7).
29
Let j(x) = 2*x**2 - 7*x - 7. What is j(8)?
65
Let n(f) = f**3 + f**2 - 9. Determine n(0).
-9
Let d(r) = 3*r**3 + r**2 - 5*r + 5. What is d(3)?
80
Let q(g) = g**3 - 2*g**2 - g + 3. Determine q(3).
9
Let u(b) = -8*b + 224. Give u(31).
-24
Let c(t) = 6*t**2 - 17*t - 11. What is c(4)?
17
Let l(z) = z**2 - 5*z - 3. What is l(6)?
3
Let i(v) = -3*v - 22. Calculate i(-5).
-7
Let h(z) = -8*z**2 - 3*z + 2. Calculate h(3).
-79
Let g(m) = 4*m - 3. Give g(-4).
-19
Let x(t) = 12*t - 52. Calculate x(12).
92
Let p(t) = 7*t + 49. Give p(-16).
-63
Let k(p) = -9*p**3 - p - 1. Give k(-1).
9
Let i(k) = k**3 - 18*k**2 - 19*k + 20. Determine i(19).
20
Let o(w) = -2*w + 12. What is o(20)?
-28
Let k(a) = a**3 + 14*a**2 + 13*a + 6. What is k(-13)?
6
Let f(a) = -36*a + 251. What is f(7)?
-1
Let y(d) = -d**2 - 3*d + 78. Determine y(-9).
24
Let x(o) = 11*o - 193. Determine x(18).
5
Let i(f) = 24*f - 1. What is i(-1)?
-25
Let i(f) = -3*f - 7. What is i(-6)?
11
Let o(b) = 2*b**2 - 16*b + 6. Determine o(7).
-8
Let k(q) = -q**3 - 2*q**2 + q - 2. What is k(-4)?
26
Let y(r) = -r**3 + 2*r**2 + 2*r + 5. Calculate y(4).
-19
Let q(s) = s**2 - 11*s - 14. What is q(12)?
-2
Let d(n) = 4*n + 21. Calculate d(-11).
-23
Let h(d) = d**2 + 15*d + 42. What is h(-10)?
-8
Let s(j) = 7*j**2 - 5*j + 3. What is s(3)?
51
Let v(t) = -t**2 - 17*t + 10. What is v(-16)?
26
Let g(x) = x**2 - 8*x - 2. Determine g(6).
-14
Let r(z) = -4*z**2 - 2*z. Calculate r(-2).
-12
Let j(y) = y**2 + y - 6. Determine j(8).
66
Let r(p) = p**3 - 4*p**2 + 9*p - 7. Determine r(3).
11
Let q(b) = 16*b - 2. Give q(-1).
-18
Let w(j) = 2*j + 19. Determine w(-8).
3
Let i(d) = -d - 1. Determine i(-11).
10
Let q(l) = l**3 - 5*l**2 + 3*l - 1. Calculate q(5).
14
Let i(k) = 3*k**3 + 17*k**2 + 5*k + 70. Give i(-6).
4
Let k(m) = 10*m + 384. Give k(-40).
-16
Let p(s) = -s**2 + 7*s - 11. Determine p(5).
-1
Let d(i) = 67*i - 13. What is d(3)?
188
Let q(t) = 8*t - 91. Give q(16).
37
Let z(p) = p**3 - 13*p**2 - p + 11. Give z(13).
-2
Let j(n) = -2*n + 6. Determine j(18).
-30
Let h(b) = -3*b + 20. What is h(5)?
5
Let s(i) = -i**3 + 2*i**2 - i - 51. Calculate s(0).
-51
Let u(s) = 27*s - 90. What is u(4)?
18
Let v(d) = -d**2 - 4*d. Determine v(-11).
-77
Let n(o) = -o**2 + 4*o - 5. Calculate n(7).
-26
Let y(c) = -15*c**3 - 4*c**2 + 1. Give y(-1).
12
Let z(k) = 3*k**3 - k + 1. Determine z(1).
3
Let w(l) = -l**3 - 8*l**2 + 9*l - 5. Give w(-9).
-5
Let f(o) = -o**2 + 5*o - 5. Give f(3).
1
Let b(x) = -64*x - 47. Determine b(-2).
81
Let q(d) = -d**3 + d**2 - 7*d + 6. Determine q(4).
-70
Let t(a) = 5*a - 3. What is t(2)?
7
Let r(a) = -2*a**2 - 78*a - 269. Determine r(-35).
11
Let w(n) = 21*n - 3. Calculate w(0).
-3
Let w(n) = n**3 - 4*n - 4. Determine w(5).
101
Let n(b) = 2*b**2 + 36*b + 4. Determine n(-18).
4
Let k(d) = 3*d - 5. What is k(6)?
13
Let c(k) = -4*k - 2. Give c(-4).
14
Let r(w) = -3*w - 8. Calculate r(-15).
37
Let p(i) = -i - 3. Determine p(-5).
2
Let q(l) = 21*l + 182. Determine q(-9).
-7
Let a(x) = 3*x**2 - 8*x + 4. Determine a(3).
7
Let d(r) = 17*r - 130. Determine d(8).
6
Let r(i) = -i**3 - 3*i**2 + 11*i + 3. Determine r(-5).
-2
Let h(p) = p**2 - 7*p - 1. What is h(5)?
-11
Let w(a) = -45*a**2 + 9*a + 9. What is w(-1)?
-45
Let j(n) = n**2 + 3*n - 25. What is j(8)?
63
Let t(k) = -k - 9. Calculate t(-6).
-3
Let s(k) = -7*k**2 - 34*k + 8. What is s(-5)?
3
Let v(w) = -99*w - 504. Give v(-5).
-9
Let l(r) = -5*r - 2. What is l(-2)?
8
Let v(d) = -d**2 - 39*d + 28. Determine v(-40).
-12
Let j(n) = -n**3 + 7*n**2 + 4*n + 14. Calculate j(7).
42
Let p(x) = x**3 + 4*x**2 - 5*x - 7. What is p(-3)?
17
Let